{"id":60,"date":"2018-01-14T14:24:49","date_gmt":"2018-01-14T14:24:49","guid":{"rendered":"http:\/\/2018.strukturpolitik.org\/?page_id=60"},"modified":"2026-04-13T14:39:38","modified_gmt":"2026-04-13T12:39:38","slug":"mitglieder","status":"publish","type":"page","link":"https:\/\/strukturpolitik.org\/?page_id=60","title":{"rendered":"Die Mitglieder"},"content":{"rendered":"\n<figure class=\"wp-block-table\"><table><thead><tr><th> Mitglied<\/th><th>ggf. Funktion<\/th><\/tr><\/thead><tbody><tr><td> Karin Aust<\/td><td><\/td><\/tr><tr><td> Rasmus Beck <\/td><td><\/td><\/tr><tr><td> Stefan Berghaus <\/td><td><strong>Schatzmeister<\/strong> <\/td><\/tr><tr><td> Nomo Braun <\/td><td><\/td><\/tr><tr><td> Anna Butzin<\/td><td><strong>Beisitzende<\/strong><\/td><\/tr><tr><td> Rainer Danielzyk <\/td><td><\/td><\/tr><tr><td>Dmitri Domanski<\/td><td><\/td><\/tr><tr><td>Franz Fl\u00f6gel<\/td><td><\/td><\/tr><tr><td> Stefan G\u00e4rtner <\/td><td><strong>Beisitzender<\/strong> <\/td><\/tr><tr><td> Catherine Gregori <\/td><td><\/td><\/tr><tr><td> R\u00fcdiger Hamm <\/td><td><\/td><\/tr><tr><td> Martin Hennicke <\/td><td><strong>Beisitzender<\/strong><\/td><\/tr><tr><td> Michael Henze<\/td><td><\/td><\/tr><tr><td> Andrea Hoppe <\/td><td><\/td><\/tr><tr><td> Matthias Kiese <\/td><td><strong>Beisitzender<\/strong><\/td><\/tr><tr><td> Klaus Kost <\/td><td><\/td><\/tr><tr><td> Jan-Philipp Kramer <\/td><td><\/td><\/tr><tr><td> Alexandra Landsberg <\/td><td><\/td><\/tr><tr><td> Bodo Middeldorf<\/td><td><\/td><\/tr><tr><td> <a href=\"http:\/\/www.reimar-molitor.de\" target=\"_blank\" rel=\"noreferrer noopener\" aria-label=\" (opens in a new tab)\">Reimar Molitor <\/a><\/td><td><\/td><\/tr><tr><td> Wulf Noll <\/td><td><\/td><\/tr><tr><td> Annette Nothnagel <\/td><td><\/td><\/tr><tr><td> Frank Osterhoff <\/td><td><\/td><\/tr><tr><td> Stefan Pfeifer <\/td><td><strong>2. Vorsitzender<\/strong><\/td><\/tr><tr><td>Markus Querfurt<\/td><td><\/td><\/tr><tr><td> Dieter Rehfeld <\/td><td><strong>Vorsitzende<\/strong>r<\/td><\/tr><tr><td> Mark Rosendahl<\/td><td><\/td><\/tr><tr><td> Britta Scheffs <\/td><td><\/td><\/tr><tr><td> Philip Schepelmann <\/td><td><\/td><\/tr><tr><td> Achim Vanselow <\/td><td><\/td><\/tr><tr><td> <a href=\"http:\/\/www.mesopartner.com\" target=\"_blank\" rel=\"noreferrer noopener\" aria-label=\"Frank W\u00e4ltring  (opens in a new tab)\">Frank W\u00e4ltring <\/a><\/td><td><\/td><\/tr><tr><td> J\u00f6rg Weingarten <\/td><td><\/td><\/tr><tr><td><a href=\"https:\/\/strukturpolitik.org\/?p=3212\" data-type=\"post\" data-id=\"3212\"><strong> <\/strong>Elmar te Wildt (<strong>\u2020<\/strong>)<\/a><\/td><td><strong>Ehrenvorsitzender<\/strong> (<strong>\u2020<\/strong>)<\/td><\/tr><\/tbody><\/table><\/figure>\n\n\n\n<p><\/p>\n","protected":false},"excerpt":{"rendered":"<p>Mitglied ggf. Funktion Karin Aust Rasmus Beck Stefan Berghaus Schatzmeister Nomo Braun Anna Butzin Beisitzende Rainer Danielzyk Dmitri Domanski Franz Fl\u00f6gel Stefan G\u00e4rtner Beisitzender Catherine Gregori R\u00fcdiger Hamm Martin Hennicke Beisitzender Michael Henze Andrea Hoppe Matthias Kiese Beisitzender Klaus Kost Jan-Philipp Kramer Alexandra Landsberg Bodo Middeldorf Reimar Molitor Wulf Noll Annette Nothnagel Frank Osterhoff Stefan &hellip; <\/p>\n<p class=\"link-more\"><a href=\"https:\/\/strukturpolitik.org\/?page_id=60\" class=\"more-link\"><span class=\"screen-reader-text\">\u201eDie Mitglieder\u201c <\/span>weiterlesen<\/a><\/p>\n","protected":false},"author":1,"featured_media":0,"parent":35,"menu_order":3,"comment_status":"closed","ping_status":"closed","template":"","meta":{"jetpack_post_was_ever_published":false,"footnotes":""},"class_list":["post-60","page","type-page","status-publish","hentry"],"jetpack_shortlink":"https:\/\/wp.me\/P9D9ML-Y","jetpack_sharing_enabled":true,"_links":{"self":[{"href":"https:\/\/strukturpolitik.org\/index.php?rest_route=\/wp\/v2\/pages\/60","targetHints":{"allow":["GET"]}}],"collection":[{"href":"https:\/\/strukturpolitik.org\/index.php?rest_route=\/wp\/v2\/pages"}],"about":[{"href":"https:\/\/strukturpolitik.org\/index.php?rest_route=\/wp\/v2\/types\/page"}],"author":[{"embeddable":true,"href":"https:\/\/strukturpolitik.org\/index.php?rest_route=\/wp\/v2\/users\/1"}],"replies":[{"embeddable":true,"href":"https:\/\/strukturpolitik.org\/index.php?rest_route=%2Fwp%2Fv2%2Fcomments&post=60"}],"version-history":[{"count":35,"href":"https:\/\/strukturpolitik.org\/index.php?rest_route=\/wp\/v2\/pages\/60\/revisions"}],"predecessor-version":[{"id":3715,"href":"https:\/\/strukturpolitik.org\/index.php?rest_route=\/wp\/v2\/pages\/60\/revisions\/3715"}],"up":[{"embeddable":true,"href":"https:\/\/strukturpolitik.org\/index.php?rest_route=\/wp\/v2\/pages\/35"}],"wp:attachment":[{"href":"https:\/\/strukturpolitik.org\/index.php?rest_route=%2Fwp%2Fv2%2Fmedia&parent=60"}],"curies":[{"name":"wp","href":"https:\/\/api.w.org\/{rel}","templated":true}]}}